12 (base 6) to base 12
-68
Convert -38 (base 12) to base 15.
-2e
Convert -1241 (base 5) to base 14.
-100
What is 3 (base 9) in base 13?
3
Convert 1 (base 5) to base 7.
1
What is 2 (base 12) in base 6?
2
Convert -12 (base 7) to base 15.
-9
What is 1 (base 3) in base 6?
1
Convert -20 (base 4) to base 16.
-8
-1 (base 5) to base 4
-1
-6 (base 7) to base 12
-6
-28 (base 16) to base 5
-130
What is 0 (base 13) in base 11?
0
Convert -32 (base 10) to base 12.
-28
22122 (base 3) to base 12
175
What is -22 (base 5) in base 8?
-14
What is 11 (base 6) in base 15?
7
What is -50 (base 8) in base 7?
-55
-10 (base 9) to base 14
-9
-3 (base 13) to base 10
-3
Convert -171 (base 12) to base 7.
-445
What is 10 (base 13) in base 16?
d
What is -1 (base 13) in base 6?
-1
What is -4 (base 8) in base 13?
-4
-2 (base 11) to base 15
-2
-5 (base 14) to base 9
-5
Convert -1 (base 3) to base 7.
-1
Convert 345 (base 7) to base 6.
500
What is 5 (base 6) in base 3?
12
What is 2 (base 3) in base 16?
2
What is -110010 (base 2) in base 12?
-42
-17 (base 13) to base 15
-15
Convert 1a (base 15) to base 4.
121
Convert -19d (base 15) to base 6.
-1421
Convert -22 (base 10) to base 9.
-24
What is -27 (base 15) in base 3?
-1101
Convert -102 (base 7) to base 5.
-201
22 (base 4) to base 12
a
Convert -242 (base 6) to base 13.
-77
Convert 0 (base 13) to base 3.
0
2 (base 14) to base 4
2
What is 0 (base 7) in base 10?
0
What is -10 (base 7) in base 4?
-13
What is 94 (base 11) in base 12?
87
234 (base 6) to base 2
1011110
-15 (base 11) to base 13
-13
What is -145 (base 6) in base 9?
-72
Convert -14 (base 9) to base 11.
-12
What is -2 (base 15) in base 2?
-10
Convert 0 (base 2) to base 6.
0
-17a (base 12) to base 6
-1034
Convert 8 (base 10) to base 9.
8
Convert -6 (base 14) to base 15.
-6
188 (base 10) to base 7
356
13 (base 14) to base 4
101
Convert 22 (base 11) to base 3.
220
2 (base 14) to base 7
2
Convert -10 (base 8) to base 11.
-8
Convert -47 (base 8) to base 7.
-54
What is 131 (base 7) in base 4?
1013
What is -11 (base 4) in base 16?
-5
b (base 16) to base 14
b
-2 (base 15) to base 16
-2
What is -30 (base 15) in base 3?
-1200
221 (base 4) to base 6
105
66 (base 10) to base 12
56
What is -dd (base 16) in base 13?
-140
Convert -14 (base 9) to base 15.
-d
-220 (base 6) to base 4
-1110
Convert -10 (base 3) to base 16.
-3
Convert -4 (base 14) to base 3.
-11
Convert -34 (base 5) to base 9.
-21
-2310 (base 5) to base 9
-406
14 (base 14) to base 3
200
Convert -155 (base 6) to base 13.
-56
Convert 101 (base 2) to base 10.
5
Convert -c (base 15) to base 2.
-1100
What is 0 (base 14) in base 5?
0
What is 54 (base 10) in base 9?
60
Convert -12 (base 16) to base 3.
-200
What is -12 (base 10) in base 9?
-13
Convert 3 (base 6) to base 11.
3
What is -211 (base 5) in base 9?
-62
1 (base 4) to base 7
1
What is 66 (base 7) in base 15?
33
Convert -25 (base 7) to base 3.
-201
What is -5 (base 16) in base 13?
-5
Convert 22 (base 16) to base 7.
46
Convert -3 (base 10) to base 9.
-3
Convert -1 (base 14) to base 13.
-1
What is -11 (base 6) in base 14?
-7
Convert b (base 12) to base 3.
102
What is -4 (base 8) in base 14?
-4
222 (base 9) to base 5
1212
Convert -100 (base 4) to base 7.
-22
Convert -14 (base 11) to base 7.
-21
Convert -b (base 14) to base 2.
-1011
Convert 3a (base 15) to base 13.
43
What is 0 (base 14) in base 5?
0
Convert 7 (base 13) to base 4.
13
Convert 2 (base 4) to base 5.
2
1 (base 2) to base 15
1
Convert -12 (base 3) to base 16.
-5
What is -1 (base 15) in base 2?
-1
Convert -1 (base 9) to base 12.
-1
What is -38 (base 16) in base 14?
-40
Convert -c (base 16) to base 5.
-22
Convert -12 (base 4) to base 2.
-110
What is 52 (base 9) in base 11?
43
-17 (base 8) to base 16
-f
Convert 152 (base 6) to base 5.
233
What is -2 (base 9) in base 15?
-2
210 (base 4) to base 6
100
What is -3 (base 14) in base 8?
-3
What is 63 (base 9) in base 16?
39
Convert 11 (base 12) to base 5.
23
126 (base 13) to base 5
1301
Convert 4 (base 15) to base 3.
11
Convert 1 (base 11) to base 5.
1
Convert 12 (base 13) to base 15.
10
What is -24 (base 14) in base 13?
-26
Convert -14d (base 14) to base 5.
-2030
What is -3 (base 6) in base 11?
-3
What is 62 (base 10) in base 13?
4a
What is -2 (base 5) in base 16?
-2
Convert -4 (base 5) to base 11.
-4
-5 (base 12) to base 8
-5
Convert -102 (base 6) to base 15.
-28
-5 (base 8) to base 2
-101
What is -1 (base 4) in base 13?
-1
Convert 8 (base 14) to base 11.
8
332 (base 5) to base 6
232
Convert 1130 (base 4) to base 11.
84
25 (base 9) to base 10
23
Convert 5 (base 15) to base 6.
5
Convert 24 (base 11) to base 7.
35
Convert 1103 (base 5) to base 8.
231
7 (base 16) to base 12
7
Convert -6 (base 15) to base 7.
-6
Convert -3 (base 11) to base 9.
-3
Convert 99 (base 11) to base 7.
213
What is 1303 (base 5) in base 15?
d8
Convert -147 (base 9) to base 15.
-84
-142 (base 14) to base 4
-3332
13 (base 7) to base 2
1010
What is 54 (base 11) in base 9?
65
Convert 11 (base 5) to base 16.
6
What is 13 (base 12) in base 6?
23
What is -6 (base 11) in base 14?
-6
What is 5 (base 11) in base 15?
5
-13 (base 10) to base 8
-15
Convert -1110 (base 2) to base 11.
-13
What is -5 (base 11) in base 13?
-5
Convert 5 (base 14) to base 15.
5
-100100110 (base 2) to base 14
-170
Convert -331 (base 6) to base 12.
-a7
What is -11010010 (base 2) in base 14?
-110
What is -22 (base 15) in base 12?
-28
0 (base 12) to base 5
0
2a (base 16) to base 8
52
Convert 2c (base 16) to base 2.
101100
83 (base 10) to base 13
65
-3 (base 6) to base 14
-3
Convert -3 (base 15) to base 16.
-3
-2 (base 7) to base 6
-2
What is -7 (base 12) in base 5?
-12
Convert -a (base 11) to base 3.
-101
2 (base 5) to base 14
2
Convert -54 (base 12) to base 13.
-4c
What is 2 (base 15) in base 6?
2
Convert 2 (base 11) to base 9.
2
-3002 (base 4) to base 13
-11c
5 (base 9) to base 11
5
Convert 12110 (base 3) to base 12.
103
What is 9 (base 16) in base 4?
21
33 (base 8) to base 11
25
What is -171 (base 9) in base 2?
-10010001
What is -16 (base 11) in base 14?
-13
What is 11 (base 9) in base 5?
20
-51 (base 6) to base 16
-1f
Convert -154 (base 6) to base 14.
-50
What is -10 (base 2) in base 9?
-2
-101011 (base 2) to base 9
-47
What is 57 (base 11) in base 13?
4a
Convert 40 (base 10) to base 15.
2a
Convert 11 (base 2) to base 8.
3
Convert 2 (base 15) to base 2.
10
Convert -11110 (base 3) to base 10.
-120
What is 111 (base 2) in base 16?
7
Convert -17 (base 12) to base 4.
-103
What is -220 (base 5) in base 2?
-111100
-2 (base 11) to base 5
-2
What is 111 (base 2) in base 6?
11
17 (base 15) to base 5
42
Convert -24 (base 6) to base 8.
-20
Convert -100000 (base 2) to base 13.
-26
Convert 13 (base 14) to base 5.
32
Convert 40 (base 16) to base 11.
59
What is -3 (base 13) in base 3?
-10
Convert c (base 15) to base 5.
22
What is -4 (base 6) in base 16?
-4
Convert 1001 (base 2) to base 8.
11
What is -4 (base 11) in base 4?
-10
Convert -4 (base 14) to base 5.
-4
Convert -1111001 (base 2) to base 9.
-144
What is -1 (base 3) in base 16?
-1
4 (base 16) to base 7
4
0 (base 9) to base 3
0
-14 (base 6) to base 10
-10
Convert -1 (base 6) to base 12.
-1
6 (base 8) to base 10
6
Convert 20 (base 4) to base 11.
8
What is 1 (base 5) in base 10?
1
111010 (base 2) to base 4
322
Convert -100 (base 2) to base 9.
-4
What is -12021 (base 3) in base 9?
-167
11 (base 3) to base 4
10
What is 11 (base 5) in base 12?
6
What is 285 (base 9) in base 16?
ef
Convert -100 (base 2) to base 7.
-4
2 (base 14) to base 13
2
Convert -3100 (base 4) to base 11.
-17a
What is 2 (base 11) in base 8?
2
6 (base 8) to base 11
6
11010010 (base 2) to base 3
21210
-2a (base 15) to base 4
-220
What is 120 (base 4) in base 11?
22
18 (base 13) to base 12
19
Convert -7 (base 12) to base 2.
-111
Convert -3 (base 4) to base 3.
-10
7 (base 9) to base 6
11
Convert -44 (base 5) to base 7.
-33
What is 4 (base 7) in base 5?
4
Convert 94 (base 11) to base 15.
6d
Convert -3 (base 12) to base 3.
-10
Convert -c (base 14) to base 13.
-c
What is -3 (base 6) in base 15?
-3
-1243 (base 5) to base 7
-402
What is 11 (base 2) in base 6?
3
What is -114 (base 5) in base 14?
-26
What is 4 (base 10) in base 9?
4
What is -2 (base 7) in base 6?
-2
What is 19 (base 11) in base 2?
10100
-1414 (base 5) to base 13
-150
What is -212